it of 108279087?
0
What is the thousands digit of 1600384465?
4
What is the tens digit of 45993296?
9
What is the billions digit of 1669792410?
1
What is the tens digit of 29239962?
6
What is the ten millions digit of 47851538?
4
What is the hundred thousands digit of 6197367?
1
What is the ten thousands digit of 124596456?
9
What is the ten thousands digit of 20803960?
0
What is the hundred millions digit of 7688398054?
6
What is the millions digit of 22166054?
2
What is the ten thousands digit of 213258243?
5
What is the millions digit of 146097944?
6
What is the ten thousands digit of 1760578686?
7
What is the millions digit of 64198910?
4
What is the millions digit of 980282252?
0
What is the hundreds digit of 4968578825?
8
What is the hundreds digit of 366806345?
3
What is the ten thousands digit of 19793701?
9
What is the ten thousands digit of 3864238306?
3
What is the hundreds digit of 5515635?
6
What is the hundred thousands digit of 400291698?
2
What is the units digit of 1109877497?
7
What is the billions digit of 1472574511?
1
What is the hundred thousands digit of 11495196?
4
What is the tens digit of 57569615?
1
What is the tens digit of 1977890678?
7
What is the ten thousands digit of 3965499?
6
What is the ten thousands digit of 1739901708?
0
What is the hundred thousands digit of 39758160?
7
What is the hundreds digit of 1164811238?
2
What is the millions digit of 20283035?
0
What is the ten thousands digit of 365197309?
9
What is the hundred thousands digit of 64386571?
3
What is the ten millions digit of 1176914409?
7
What is the ten millions digit of 1412231978?
1
What is the ten millions digit of 1308540375?
0
What is the ten thousands digit of 79407913?
0
What is the hundred thousands digit of 46072370?
0
What is the ten millions digit of 120314046?
2
What is the thousands digit of 74084774?
4
What is the thousands digit of 41700271?
0
What is the hundreds digit of 213423348?
3
What is the ten millions digit of 530291537?
3
What is the hundred millions digit of 168619917?
1
What is the hundreds digit of 977420265?
2
What is the millions digit of 130587758?
0
What is the tens digit of 15615208?
0
What is the hundred thousands digit of 3879814211?
8
What is the hundred millions digit of 201517059?
2
What is the tens digit of 230632729?
2
What is the ten millions digit of 161470986?
6
What is the millions digit of 1048283422?
8
What is the millions digit of 8221145785?
1
What is the hundred millions digit of 636450971?
6
What is the ten millions digit of 943513883?
4
What is the ten thousands digit of 3214897494?
9
What is the thousands digit of 753349580?
9
What is the billions digit of 3030610938?
3
What is the units digit of 3183012767?
7
What is the units digit of 2475072620?
0
What is the hundred thousands digit of 200355653?
3
What is the millions digit of 97215723?
7
What is the hundreds digit of 3476616730?
7
What is the thousands digit of 2916454805?
4
What is the ten millions digit of 1391056832?
9
What is the hundred thousands digit of 41764557?
7
What is the millions digit of 51486774?
1
What is the ten thousands digit of 4303283138?
8
What is the hundreds digit of 1513453141?
1
What is the thousands digit of 2358059227?
9
What is the hundred thousands digit of 1873568471?
5
What is the hundreds digit of 54195282?
2
What is the billions digit of 6061800394?
6
What is the tens digit of 96317151?
5
What is the hundreds digit of 3317984735?
7
What is the ten thousands digit of 1349186204?
8
What is the hundred thousands digit of 2072842409?
8
What is the units digit of 339253354?
4
What is the ten thousands digit of 42566068?
6
What is the hundred thousands digit of 778107551?
1
What is the ten thousands digit of 7546607?
4
What is the tens digit of 2885958901?
0
What is the millions digit of 215198736?
5
What is the thousands digit of 8712138?
2
What is the thousands digit of 127456204?
6
What is the millions digit of 144768302?
4
What is the millions digit of 598487037?
8
What is the ten thousands digit of 1190097586?
9
What is the ten thousands digit of 2034689857?
8
What is the units digit of 3860843764?
4
What is the thousands digit of 659992355?
2
What is the hundreds digit of 323399446?
4
What is the hundred thousands digit of 92878783?
8
What is the ten millions digit of 23714274?
2
What is the billions digit of 5579959637?
5
What is the ten millions digit of 36117551?
3
What is the tens digit of 2912851428?
2
What is the thousands digit of 115811538?
1
What is the ten thousands digit of 77530749?
3
What is the hundreds digit of 46124546?
5
What is the hundreds digit of 919217393?
3
What is the ten millions digit of 67405323?
6
What is the tens digit of 126333632?
3
What is the millions digit of 634220509?
4
What is the millions digit of 171323144?
1
What is the thousands digit of 84473162?
3
What is the units digit of 264020796?
6
What is the hundred thousands digit of 214977527?
9
What is the units digit of 1206229372?
2
What is the millions digit of 1571930961?
1
What is the hundreds digit of 225858814?
8
What is the hundred thousands digit of 165867692?
8
What is the tens digit of 51157644?
4
What is the hundred millions digit of 1360661684?
3
What is the hundreds digit of 70885440?
4
What is the ten millions digit of 415908995?
1
What is the thousands digit of 957942498?
2
What is the hundred thousands digit of 138755809?
7
What is the ten millions digit of 1001154079?
0
What is the hundreds digit of 422484401?
4
What is the ten millions digit of 8571332793?
7
What is the hundred millions digit of 5249434374?
2
What is the hundred thousands digit of 78457663?
4
What is the ten thousands digit of 2655132597?
3
What is the hundred thousands digit of 4234696885?
6
What is the ten thousands digit of 72208295?
0
What is the thousands digit of 309533787?
3
What is the ten millions digit of 304355171?
0
What is the billions digit of 1961649715?
1
What is the ten millions digit of 120034266?
2
What is the tens digit of 5146921312?
1
What is the units digit of 126516585?
5
What is the units digit of 19255218?
8
What is the tens digit of 61438030?
3
What is the units digit of 1413172380?
0
What is the tens digit of 714176849?
4
What is the units digit of 6492156501?
1
What is the hundred thousands digit of 10399488?
3
What is the millions digit of 35236706?
5
What is the hundred thousands digit of 4407811327?
8
What is the hundreds digit of 102346846?
8
What is the ten thousands digit of 94245863?
4
What is the thousands digit of 24890501?
0
What is the hundreds digit of 2976914453?
4
What is the millions digit of 149824056?
9
What is the hundred thousands digit of 18011961?
0
What is the thousands digit of 4016145779?
5
What is the tens digit of 2901338289?
8
What is the ten millions digit of 136034025?
3
What is the tens digit of 386557862?
6
What is the hundreds digit of 245935561?
5
What is the millions digit of 530467180?
0
What is the hundred millions digit of 3091437494?
0
What is the thousands digit of 1032430220?
0
What is the thousands digit of 6551312441?
2
What is the tens digit of 127861332?
3
What is the ten millions digit of 56842222?
5
What is the hundred millions digit of 117863315?
1
What is the ten millions digit of 1244835168?
4
What is the ten millions digit of 106737440?
0
What is the tens digit of 221453622?
2
What is the ten thousands digit of 1099547410?
4
What is the millions digit of 162113010?
2
What is the hundred thousands digit of 869291005?
2
What is the hundreds digit of 90234672?
6
What is the millions digit of 8322194601?
2
What is the ten millions digit of 47872737?
4
What is the hundreds digit of 723284488?
4
What is the ten thousands digit of 2252074061?
7
What is the hundreds digit of 4466055?
0
What is the hundred millions digit of 395633293?
3
What is the millions digit of 29419709?
9
What is the thousands digit of 73859324?
9
What is the millions digit of 53760068?
3
What is the ten millions digit of 806938393?
0
What is the tens digit of 450775924?
2
What is the ten millions digit of 32104377?
3
What is the hundreds digit of 1164628772?
7
What is the billions digit of 4232666453?
4
What is the hundred millions digit of 4806482238?
8
What is the units digit of 241354